*c + 10 = 4*k. What is the hundreds digit of -7 + 9 + k*141?
1
Suppose 72210 = 49*b + 34*b. What is the units digit of b?
0
Let p be 0 + (-6)/2 + 9. Suppose p*b - 133 = 89. What is the tens digit of b?
3
Let r be 1*(274/(-4) + 3/(-6)). Let u = -28 - r. What is the tens digit of u?
4
Suppose -15*j + 267 = 57. What is the units digit of j?
4
Suppose 5*j - 1580 = g + 766, 4*j - g - 1876 = 0. What is the units digit of -5*2*-1*j/20?
5
Let r = -3 - -6. Let m be (3 - 6/r)*0. Suppose -q + m = -5. What is the units digit of q?
5
What is the units digit of -1*(-537 - (-1 - -13)/4)?
0
Let m = 5 + -2. Let d = 4 - m. What is the units digit of (d - -3)/(22/77)?
4
Let t be 22/6 - (-6)/(-9). Suppose 0 = -2*a + 1 + t. Suppose 10 = r + a. What is the units digit of r?
8
Suppose 6*z = 1674 + 150. Suppose -r + 5*r = z. What is the units digit of r?
6
Let s = -28 + 22. Let u be 0*2/s + 7. Suppose 0 = 8*b - u*b - 5. What is the units digit of b?
5
Let v(a) = 3*a**3 - 8*a**2 + 5*a - 10. What is the units digit of v(8)?
4
Suppose -2*m + 2636 = -2*h, m - 1715 + 407 = 3*h. What is the hundreds digit of m?
3
Suppose -4*s - 4*r = -1144, -3*s = -21*r + 16*r - 826. What is the tens digit of s?
8
Suppose -h = -8*a + 7*a + 942, 3*h - 6 = 0. What is the hundreds digit of a?
9
Let o = -13 + 15. Suppose -3*n - 3*l + 150 = 0, -4*n - o*l + 265 = n. What is the tens digit of n?
5
Suppose 5*n - 5155 = 5*x, -2*n - 2*x + 2070 = -0*n. What is the hundreds digit of n?
0
Let v(u) = 3*u + 3. Let q be v(-1). Suppose 5*r = -z - 16, q*z + 5*z + r - 16 = 0. What is the units digit of z?
4
Suppose 4*l - 5*l = 61. Let a = -18 - l. What is the units digit of a?
3
Suppose 289 = 4*p - 3*h, p + 148 = 3*p + 2*h. What is the tens digit of p?
7
Let n = -2250 - -4731. What is the thousands digit of n?
2
Let i(y) = -2*y - 5. Let m be i(-5). Suppose -m*q = -0*q - 10. Suppose 0 = -2*p + 10, -4*z + 118 = q*p - 4*p. What is the tens digit of z?
3
Let z(h) = -h**3 + 15*h**2 + 188*h + 25. What is the thousands digit of z(19)?
2
Suppose 4*d - 5*g - 5 = 0, -d + g = 2*d - 1. Suppose c + d*c - 9 = -4*x, -x + 3*c + 12 = 0. Suppose -x*p - 12 = -4*p. What is the tens digit of p?
1
Let y(a) be the first derivative of -5/2*a**2 + 1 - 4*a. What is the tens digit of y(-6)?
2
Let y(d) = 2*d - 8. Suppose -5*i - 9 = c, 5*c + 2*i + i = 21. What is the units digit of y(c)?
4
Let p = 30 + -13. Suppose 2*k = 3*d - 12, d - 4*k - p = k. Suppose -m + d = -5*z + 32, -4*m - 15 = -5*z. What is the units digit of z?
7
Let u be (-9)/(123/63 - 2). Let o be 1300/5*3/(-6). Let a = u + o. What is the tens digit of a?
5
Suppose -2220 = -5*a - 100*f + 96*f, 3*a + f - 1339 = 0. What is the hundreds digit of a?
4
Let c = 7 + -7. Suppose c = 6*h + 173 - 473. What is the tens digit of h?
5
Suppose -3 = -3*m + 3*b, -4*m + 0*b + 4 = 4*b. Let z(o) = 23*o**3 - m + o**3 - 6*o**3 + 0. What is the tens digit of z(1)?
1
Let w(g) = -69*g + 16. Let d be w(-21). What is the tens digit of d/7 + (-8)/28?
0
Let j(b) = b. Let a be j(2). Suppose -a*d = -d. Suppose 46 = 2*q - d*q - y, 0 = -5*q + 2*y + 114. What is the units digit of q?
2
Suppose 81 + 242 = 17*z. What is the units digit of (66/(-2))/(z/(-95))?
5
Suppose 12*a = -a + 16237. What is the tens digit of a?
4
Let m = 2 + 0. Let a be -10 - (-36)/(-10 + 6). What is the units digit of (a/38)/(m/(-120))?
0
Suppose 10*c = -5*y + 5*c, 0 = c + 2. Suppose 3 - 31 = -y*s. Let n = s + -10. What is the units digit of n?
4
What is the units digit of -5 - ((-26450)/125 - (-3)/5)?
6
Let f(g) = 21*g**3 - 6*g**2 + 4*g - 2. What is the tens digit of f(2)?
5
What is the hundreds digit of 1*(2928 + 6 + -4)?
9
Suppose -2*y - 8 = 0, 734 = -3*n + 8*n + 4*y. What is the units digit of n?
0
Let p(f) = -f - 4. Let d be p(-6). Suppose t + 2 = 2*h, 0*t + d = -h + 2*t. Suppose -n - x = -39, 3*x + h*x = 0. What is the units digit of n?
9
Suppose 0 = 4*d - 0*d. Suppose -8 = 4*i, 2*y - 60 = -d*i + 2*i. What is the tens digit of (-1 + 2)*4 + y?
3
Suppose 4*q + 8 = 2*x, -5*x + 3*q + 34 = -0*x. Let b = 27 + -6. Suppose -k + b = x. What is the tens digit of k?
1
Suppose 4*t - 9781 = -3*h, -47*h + 46*h = 2*t - 4889. What is the units digit of t?
3
Let x(y) = 4*y**3 - 25*y**2 - 13*y - 30. Let c(s) = -s**3 + 8*s**2 + 4*s + 10. Let q(o) = -7*c(o) - 2*x(o). What is the units digit of q(-7)?
3
Let k be 2/4*1*4. Let c(r) = 8*r - k*r**2 + 3*r**2 + 10 - 20*r. What is the units digit of c(12)?
0
What is the tens digit of (-13)/(312/(-11360))*3?
2
Suppose -8 = 4*k - 24. Suppose -k*h + 0*h - 2*x + 5778 = 0, 0 = 5*h - 4*x - 7190. What is the tens digit of h/42 + (-1)/3?
3
Suppose 4*d = 3*m - 59, 19 = 4*d - 5*m + 88. Let p = d - -7. What is the tens digit of p/(3*(-6)/45)?
1
Suppose 9*u = 3647 + 988. What is the tens digit of u?
1
Suppose 3 = -5*n + 18. Let q(k) = 2*k**2 + 3*k + 2. Let r be q(-2). Suppose 12 = 3*f, 0*w + r*f = n*w - 41. What is the units digit of w?
9
Let t(h) be the second derivative of h**5/10 - h**4/12 - h**2 - 7*h. Let m be -2 + 4/(4/5). What is the tens digit of t(m)?
4
Let u(i) = -2*i - 35. Let q be u(-18). Suppose -5*v = -5, 5*v + 5 = g - q. What is the tens digit of g?
1
Suppose 2*s = -h - 0*h + 5, 0 = 2*s - 5*h + 1. Suppose g = 5*r + 21, 5*g - r = s*g + 91. What is the units digit of (g/4)/(7/28)?
1
Suppose 2*p + 26 = 5*x, -5*x + 6 = 5*p + 1. Suppose 3*z + 993 = 6*z + 3*o, -2*z + x*o = -632. What is the units digit of z?
6
Let r(s) = -61*s**3 - 6*s**2 + s + 6. Let n(x) = -62*x**3 - 5*x**2 + x + 5. Let f(q) = 6*n(q) - 5*r(q). What is the tens digit of f(-1)?
6
Let n(m) = m**3 + 7*m**2 - 2*m - 6. Let h(w) be the first derivative of w**4/4 - w**2/2 + 7. Let j be h(-2). What is the units digit of n(j)?
2
Let y be -3 + 4 - (-8)/2. Let n(z) = 26*z - 22. What is the units digit of n(y)?
8
Let v(s) = -19*s + 9. Let d be (2/(-3))/((-6)/144). Let n be (-6)/4 + (-24)/d. What is the tens digit of v(n)?
6
Let j(d) = -d**3 - 3*d**2 - d - 1. Let q be j(-3). Let p = 6 - q. Let b = 2 + p. What is the units digit of b?
6
Let p(f) = -5*f + 27 + 2*f**2 + 53 + 2*f. What is the units digit of p(0)?
0
Let a = 69 - -70. Suppose b + a = -b - u, -367 = 5*b - 4*u. Let l = b + 101. What is the tens digit of l?
3
Let h(m) = m**3 - 10*m**2 + 6*m - 14. Let u be h(10). Let j = u + 70. Suppose 8*z - j = 4*z. What is the units digit of z?
9
Suppose 0 = -3*x + 3, -2*j + 39 = -x - 4*x. Suppose 4*n - j + 10 = 0. Suppose n*q - 14 - 10 = 0. What is the units digit of q?
8
Let g(w) = -w + 1. Let u be g(-14). Let c be 55/u + (-1)/(-3). Suppose m + x + c*x - 35 = 0, 2*m - 3*x = 44. What is the units digit of m?
5
Let k(y) = 20*y + 14. Suppose 2*j + 11 - 21 = 0. What is the units digit of k(j)?
4
Let c(j) = 234*j + 43. What is the thousands digit of c(5)?
1
Let w(u) = 9*u - 5. Suppose -70 = -4*s + 50. Let x = s - 25. What is the tens digit of w(x)?
4
Suppose -p - 5*r + 470 = 0, -3*p - r + 1918 = p. What is the hundreds digit of p?
4
Let m be 7/((-21)/30)*(-36)/(-4). Let p = -52 - m. What is the tens digit of p?
3
Suppose 5*t - 474 = 3*r, -9*r = -5*t - 8*r + 468. What is the units digit of t?
3
Suppose -4*r + r = 0. Let v(z) = 29*z - 19. Let d be v(2). Suppose r*i - d = -i. What is the units digit of i?
9
Suppose 0*h - 3*h = -5022. What is the tens digit of h?
7
Suppose 127 = 2*h + g, 0 = 3*h + h - 3*g - 249. What is the units digit of (-1592)/(-14) - (-18)/h?
4
Suppose -49*b = 17*b - 259380. What is the hundreds digit of b?
9
Suppose 5*k - 67 = -l, 2*l - 69 = -5*k - 0*l. Let g be ((-6)/15*5)/(-1). Suppose -5 = -j + v, j = 4*j - g*v - k. What is the units digit of j?
3
Suppose -3*o - 12 = 0, -3*j + 3*o = -7*j + 76. Let g be (-5327)/77 - (-4)/j. What is the units digit of -3 - (g/3 - -3)?
7
Let p = 582 - 315. What is the tens digit of p?
6
Suppose 6*f + 8154 = 24*f. What is the units digit of f?
3
Suppose 3*p - 393 = -2*p - 2*x, -5*p + 4*x + 399 = 0. Suppose -n + p + 83 = 0. What is the tens digit of n?
6
Let b(n) = -41*n + 10. Let r be b(-4). Suppose u = -3*h - 3*u + r, -5*h - 2*u = -276. What is the tens digit of h?
5
Let m = -35 + 41. Suppose -576 = -3*h - m*h. What is the tens digit of h?
6
Let u(s) = 13 + 4*s - 8 + 7*s - 3. What is the units digit of u(4)?
6
Let b(n) = -n**3 - 6*n**2 - 8*n - 7. Let v = -9 - -11. Suppose v*d - 6 = -16. What is the units digi